emainder when 424309 is divided by 1405.
1404
Calculate the remainder when 541070 is divided by 28.
26
What is the remainder when 10310042 is divided by 57?
53
Calculate the remainder when 73192 is divided by 3333.
3199
Calculate the remainder when 61532229 is divided by 861.
3
Calculate the remainder when 320788 is divided by 160302.
184
What is the remainder when 42044685 is divided by 3822243?
12
Calculate the remainder when 244102 is divided by 94.
78
Calculate the remainder when 4043623 is divided by 263.
261
What is the remainder when 3587809 is divided by 896949?
13
Calculate the remainder when 1113130 is divided by 52.
18
Calculate the remainder when 161333754 is divided by 663.
660
What is the remainder when 341177 is divided by 42646?
9
What is the remainder when 1377848 is divided by 76544?
56
Calculate the remainder when 45862891 is divided by 7887.
7873
Calculate the remainder when 655582 is divided by 18350.
13332
Calculate the remainder when 31757070 is divided by 152.
14
Calculate the remainder when 242878 is divided by 80908.
154
Calculate the remainder when 1142376 is divided by 928.
8
Calculate the remainder when 31270 is divided by 914.
194
Calculate the remainder when 1430706 is divided by 353.
350
Calculate the remainder when 956103 is divided by 50315.
118
What is the remainder when 80322 is divided by 26633?
423
Calculate the remainder when 169198807 is divided by 46.
43
Calculate the remainder when 983691 is divided by 245919.
15
Calculate the remainder when 123042 is divided by 118073.
4969
What is the remainder when 84208 is divided by 16724?
588
What is the remainder when 301000 is divided by 299843?
1157
What is the remainder when 2365668 is divided by 147853?
20
What is the remainder when 72488819 is divided by 19076?
19
Calculate the remainder when 6919049 is divided by 1964.
1841
What is the remainder when 36107 is divided by 33609?
2498
Calculate the remainder when 1004185 is divided by 1003991.
194
What is the remainder when 39922880 is divided by 177?
176
What is the remainder when 778765 is divided by 884?
845
What is the remainder when 350052 is divided by 14579?
156
What is the remainder when 595337 is divided by 595272?
65
What is the remainder when 2324869 is divided by 137?
116
What is the remainder when 123216 is divided by 203?
198
Calculate the remainder when 10202803 is divided by 9.
7
What is the remainder when 111235200 is divided by 54?
6
Calculate the remainder when 208339 is divided by 156.
79
Calculate the remainder when 3988559 is divided by 797710.
9
What is the remainder when 8200 is divided by 7992?
208
Calculate the remainder when 36643531 is divided by 1059.
13
What is the remainder when 135046 is divided by 4621?
1037
Calculate the remainder when 76136420 is divided by 497.
493
Calculate the remainder when 59840 is divided by 14672.
1152
Calculate the remainder when 368386 is divided by 1860.
106
What is the remainder when 136114 is divided by 207?
115
What is the remainder when 220722 is divided by 10498?
264
Calculate the remainder when 965815 is divided by 522.
115
What is the remainder when 49437 is divided by 114?
75
What is the remainder when 9028120 is divided by 7364?
7220
What is the remainder when 11881512 is divided by 61?
54
What is the remainder when 3226198 is divided by 1075333?
199
Calculate the remainder when 48349 is divided by 3740.
3469
Calculate the remainder when 401891 is divided by 12597.
11384
What is the remainder when 1150177 is divided by 655?
652
Calculate the remainder when 59019 is divided by 3094.
233
Calculate the remainder when 1337527 is divided by 445814.
85
What is the remainder when 9743940 is divided by 1484?
1480
Calculate the remainder when 21496135 is divided by 3.
1
Calculate the remainder when 40720698 is divided by 16.
10
Calculate the remainder when 22086439 is divided by 5521609.
3
Calculate the remainder when 1608320 is divided by 2919.
2870
What is the remainder when 6762712 is divided by 74?
0
What is the remainder when 25641 is divided by 12818?
5
Calculate the remainder when 243241 is divided by 426.
421
Calculate the remainder when 57464216 is divided by 11130.
26
What is the remainder when 31541088 is divided by 3504565?
3
What is the remainder when 389984 is divided by 484?
364
What is the remainder when 2028788 is divided by 9324?
5480
Calculate the remainder when 462909 is divided by 462894.
15
What is the remainder when 17164 is divided by 225?
64
What is the remainder when 225121570 is divided by 332?
6
Calculate the remainder when 1025554 is divided by 324.
94
Calculate the remainder when 739319 is divided by 2631.
8
What is the remainder when 13501751 is divided by 10?
1
What is the remainder when 127994 is divided by 25541?
289
What is the remainder when 4142117 is divided by 47069?
45
Calculate the remainder when 5774649 is divided by 48122.
9
Calculate the remainder when 689557 is divided by 1193.
3
Calculate the remainder when 8083634 is divided by 461.
460
Calculate the remainder when 73143987 is divided by 15.
12
What is the remainder when 19106614 is divided by 1264?
1254
Calculate the remainder when 32722400 is divided by 26.
22
What is the remainder when 56947175 is divided by 858?
857
Calculate the remainder when 6389 is divided by 867.
320
Calculate the remainder when 387566 is divided by 19254.
2486
What is the remainder when 139158896 is divided by 1581351?
8
Calculate the remainder when 20898 is divided by 1055.
853
What is the remainder when 1682231 is divided by 27?
23
What is the remainder when 1966764861 is divided by 32?
29
What is the remainder when 1077156 is divided by 114?
84
Calculate the remainder when 1148347 is divided by 755.
747
What is the remainder when 102809049 is divided by 6853936?
9
What is the remainder when 667061 is divided by 1123?
1122
Calculate the remainder when 44909 is divided by 8936.
229
Calculate the remainder when 11839609 is divided by 1973265.
19
Calculate the remainder when 129116 is divided by 64391.
334
Calculate the remainder when 2016807 is divided by 87687.
6
Calculate the remainder when 23226981 is divided by 5806719.
105
Calculate the remainder when 3638 is divided by 1723.
192
Calculate the remainder when 1008281 is divided by 335937.
470
Calculate the remainder when 1367650 is divided by 83.
59
What is the remainder when 275970 is divided by 559?
383
Calculate the remainder when 2898514 is divided by 80513.
46
Calculate the remainder when 42697 is divided by 10664.
41
Calculate the remainder when 35572487 is divided by 5928745.
17
What is the remainder when 2358902 is divided by 14742?
182
What is the remainder when 578539 is divided by 19?
8
Calculate the remainder when 2634767 is divided by 658676.
63
What is the remainder when 6816051 is divided by 5881?
5853
Calculate the remainder when 5205035 is divided by 19791.
2
What is the remainder when 408057 is divided by 2?
1
Calculate the remainder when 473447 is divided by 1103.
260
What is the remainder when 70543403 is divided by 2374?
2367
Calculate the remainder when 145332245 is divided by 24222040.
5
Calculate the remainder when 30014544 is divided by 279.
3
What is the remainder when 2026561 is divided by 155889?
4
What is the remainder when 34507 is divided by 34386?
121
What is the remainder when 3917945 is divided by 41?
26
What is the remainder when 925767221 is divided by 887?
886
Calculate the remainder when 484683 is divided by 960.
843
Calculate the remainder when 1415625 is divided by 105.
15
Calculate the remainder when 95548 is divided by 8679.
79
Calculate the remainder when 5654946 is divided by 14.
10
What is the remainder when 17198384 is divided by 36?
32
Calculate the remainder when 10649220 is divided by 11.
10
Calculate the remainder when 91839 is divided by 7.
6
What is the remainder when 14819968 is divided by 3260?
8
What is the remainder when 313173693 is divided by 38?
37
Calculate the remainder when 3589851 is divided by 1196597.
60
What is the remainder when 22839627 is divided by 4?
3
Calculate the remainder when 75331253 is divided by 13.
10
Calculate the remainder when 73936161 is divided by 7393616.
1
Calculate the remainder when 72668 is divided by 3143.
379
Calculate the rem